 factor of r?
False
Let d(h) = 4*h**2 - 10*h + 6. Let c be d(7). Suppose 0 = 7*u - 4*u - c. Does 22 divide u?
True
Suppose 37 = -5*z + 137. Is 20 a factor of z?
True
Suppose 162 = 3*g - 4*k - 293, 3*g + 3*k - 420 = 0. Suppose -g = -6*m + m. Does 13 divide m?
False
Let c(m) = 3*m**3. Is c(1) a multiple of 3?
True
Let i = -28 + 49. Is i a multiple of 7?
True
Suppose 4*h - 222 - 806 = 0. Is h a multiple of 15?
False
Let u(r) be the second derivative of -r**3/6 - r**2 + r. Let h be u(0). Does 17 divide 1/2*(32 - h)?
True
Suppose -42 = -2*t + 172. Does 33 divide t?
False
Let g = 47 - -13. Suppose -g = -k - 25. Is k a multiple of 15?
False
Suppose 27 = 5*g + 7, -2*g + 8 = -u. Suppose u*o - 81 = -5*o + 3*t, 27 = o + 3*t. Does 7 divide o?
False
Let n(z) be the first derivative of -2 + 4/3*z**3 - 3/2*z**2 - 2*z. Is n(-2) a multiple of 10?
True
Suppose 2*l - 4 - 8 = 0. Is 2/3 - (-212)/l a multiple of 11?
False
Let u be (3/3)/(3/(-12)). Does 8 divide 16/(-3)*6/u?
True
Let g(v) = -2*v - 8. Let o be g(-10). Suppose 4*q - 5*i - 23 = 2*q, -2*q - 2*i = o. Let y(f) = 4*f**2 - f. Is y(q) even?
False
Let o(r) be the second derivative of -r**3 + 2*r. Let d be o(-6). Let n = -18 + d. Is n a multiple of 17?
False
Let i be ((-6)/3)/(-1 - 1). Let g(n) = -n**3 - n**2 + n. Let p be g(i). Is 8 a factor of 3*p*1*-5?
False
Suppose -9 = -i - 3. Suppose -c = i - 73. Is c a multiple of 11?
False
Let g(u) = -33*u - 7. Does 16 divide g(-3)?
False
Let h be 0 - (1 + 1)*-4. Let j = 10 - 4. Is 15 a factor of (-1 + h/j)*69?
False
Let l(r) = 4 + 3 + 6*r - 1. Is 24 a factor of l(5)?
False
Let b be 45 - (2 - (2 + -2)). Let f = 271 + -152. Suppose 5*x + 3*s + b = f, 0 = 4*x + s - 58. Does 6 divide x?
False
Let l be -1 - (-1 + (-1 - 2)). Does 10 divide 15 + 0 + 2 + l?
True
Suppose 4*x - 20 = -2*f, 2*f - 17 = x - 3*f. Is 4 a factor of (0 + x)*22/6?
False
Let o(p) = p**2 - 4*p + 7. Let y be 6/(-18) + (-20)/(-6). Is 2 a factor of o(y)?
True
Suppose -o + 0*o + 24 = 0. Let i be ((-5)/3)/(1/(-3)). Let d = o - i. Is d a multiple of 8?
False
Is 16 a factor of (-8*3)/(4/(-8))?
True
Let n = 23 - 5. Suppose -5 + 15 = -g + 3*z, -5*z + n = -g. Suppose g*o - o - 16 = 0. Is 5 a factor of o?
False
Is 2*43 + (-5 - -9) a multiple of 18?
True
Suppose -c + 0*c + 24 = -2*q, 4*c - 3*q - 86 = 0. Is 20 a factor of c?
True
Let u(l) = l**3 - 13*l**2 - 11*l - 20. Is 22 a factor of u(14)?
True
Let y = 10 + -3. Let n be 2/y + (-360)/(-14). Let c = 63 - n. Does 19 divide c?
False
Let h(t) be the third derivative of t**5/20 - t**4/24 + 5*t**3/6 + t**2. Is 6 a factor of h(3)?
False
Let d(c) = -c**3 - 7*c**2 - 13*c - 18. Does 13 divide d(-7)?
False
Suppose 228 = 8*a - 28. Does 4 divide a?
True
Suppose -5*x = -6*x - 2*m + 12, 28 = 4*x + 4*m. Does 10 divide -44*x*(-6)/16?
False
Let k = -7 + 9. Suppose k*l = -3*q + 70, 2*q - l + 71 = 5*q. Is 9 a factor of q?
False
Let l(o) = -6*o - 9. Let g be l(-6). Let j be (-4 - -5)*18*3. Let c = j - g. Is c a multiple of 9?
True
Let y be (4/6)/(4/18). Let r be (-8)/3*y/(-2). Suppose 0 - 32 = -r*u. Does 4 divide u?
True
Suppose -y + 1 = 0, 0*y + 2*y - 4034 = -3*f. Does 30 divide f/45 - 2/(-15)?
True
Let s = 36 + 40. Does 13 divide s?
False
Let j be 6/15 - (-24)/(-10). Suppose 5*g = 2*p - 17, 0 = g - 5 + 6. Let n = j + p. Is n a multiple of 4?
True
Suppose 12*m = 2*m + 240. Is m a multiple of 6?
True
Let y be (-8)/(-36) - (-20)/(-9). Does 4 divide 1/(1/3) - y?
False
Let r(y) = -2 - 3*y**2 + 5*y - 8 + 4*y**2. Is 7 a factor of r(-8)?
True
Suppose k - 18 = -3*k - 2*z, -4*k + 24 = -4*z. Suppose 3*x - 24 = -x + 2*o, k*o - 28 = -x. Does 4 divide x?
True
Let a be 2*((-1)/(-2) + 0). Let r be a/(((-21)/18)/(-7)). Let u = 15 - r. Does 4 divide u?
False
Let q(o) = o**3 + 5*o**2 - 2*o - 7. Let n be q(-5). Suppose f + n*f = 112. Does 14 divide f?
True
Suppose 5*z = -0*z + 3*b + 7, -5*z - b = 9. Let m = 0 - z. Is 4 a factor of -1 - (-5)/m - 0?
True
Let j = -35 + 117. Does 8 divide j?
False
Let w be 96/(-7) - 2/7. Let h = 12 - -13. Let x = w + h. Does 6 divide x?
False
Let m(t) = -t**3 + 17*t**2 + 19*t + 2. Is 3 a factor of m(18)?
False
Let h = 281 - 200. Suppose 4*d - h = -25. Does 12 divide 270/d + (-6)/21?
False
Let f = -435 + 696. Suppose -w + 5*i + 194 = 3*w, 3*i = -5*w + f. Is 17 a factor of w?
True
Let i(p) = 2*p + 7. Let k(b) = 2*b + 7. Let r(s) = -2*i(s) + 3*k(s). Let t be r(-5). Let x = t + 8. Does 5 divide x?
True
Let m = -8 + 7. Let k(b) = -11*b**3 + b**2 - b - 1. Does 6 divide k(m)?
True
Let a(h) = h**3 - 7*h**2 + 6*h + 1. Let s be a(6). Does 15 divide s*3*(5 + 0)?
True
Suppose 5*s = -3*s + 2128. Does 38 divide s?
True
Let i = -4 - -7. Suppose -i = -w, p + 3*w = 4*p - 57. Is 11 a factor of p?
True
Suppose 6*w = 4*w. Let r be (3/(-2))/(2/(-72)). Suppose -5*y + r - 19 = w. Does 3 divide y?
False
Let v be 1*-1*1 + 13. Let l be ((-35)/25)/(1/(-5)). Suppose 2*a - l*a = 3*y - 46, -y + v = a. Is 5 a factor of y?
False
Let b be (42/15)/((-1)/(-5)). Let u(g) = -g. Let v(r) = -4*r - 1. Let x(i) = b*u(i) - 4*v(i). Is 6 a factor of x(3)?
False
Let y(c) = 2*c - 4. Let h be y(4). Suppose -t + 2*l = -9 - 4, t = -h*l - 17. Suppose t*d = 2*g + 34, -4*g = -3*d + 20 + 24. Is 7 a factor of d?
False
Suppose 7*n - 2145 = -6*n. Does 55 divide n?
True
Suppose 0 = 2*a + 3 - 9. Suppose i + a*s - 19 = -4*i, -3*i - 5*s + 21 = 0. Is 2 a factor of i?
True
Does 9 divide -1 - -74*(-3)/(-6)?
True
Suppose j = 7*j - 276. Is 4 a factor of j?
False
Let v(g) = -g**3 - 5*g**2 - 5*g - 2. Let f be v(-3). Is 4/(1 + f)*-9 a multiple of 3?
True
Let o(h) be the third derivative of h**5/60 - h**4/24 - h**3/6 + 5*h**2. Is 11 a factor of o(-3)?
True
Let a(m) = -m**3 - 6*m**2 - 3*m + 6. Is 5 a factor of a(-6)?
False
Suppose 2*u - 5*u + 6 = 0. Suppose 81 = -3*b - n + 5*n, 5*n = 3*b + 78. Let s = u - b. Does 19 divide s?
False
Let b = -47 + 145. Is 33 a factor of b?
False
Let l(z) = 6*z + 1. Does 12 divide l(11)?
False
Let m = 43 - 39. Let f(n) be the first derivative of n**3 + n**2 + 2*n - 1. Is 22 a factor of f(m)?
False
Let i be 2/(-10) + 819/45. Suppose -4*v + 5 = -7. Is i - (v + 0) - 3 a multiple of 12?
True
Suppose -17 = v + 4*a - 56, 2*a = -2*v + 60. Is 11 a factor of v?
False
Let j(p) = 2*p + 22. Does 18 divide j(7)?
True
Let a = 9 + -15. Does 11 divide -1*57/a*2?
False
Suppose 2 = d + 1, -18 = -3*u + 3*d. Let j = u + -3. Is j a multiple of 4?
True
Let f(x) = x**3 - x. Let t be f(2). Let r(p) = -p + 12. Is r(t) a multiple of 3?
True
Suppose 0 = 3*a - 8 - 1. Is a - 5 - (-1 + -23) a multiple of 13?
False
Let r(x) = 2*x**2 + 18*x + 60. Is r(-12) a multiple of 33?
True
Suppose 6*h + 10 = 4*h. Does 18 divide h/((-75)/(-12))*-110?
False
Suppose 18*s - 16*s = 146. Is s a multiple of 18?
False
Let i be (-1)/(6/(-2))*69. Suppose i = 3*n - 37. Does 6 divide 184/10 + (-8)/n?
True
Suppose -p = -4*p. Let g be (-2 - -5) + p + 14. Is 10 a factor of g - (-2 + 2)/3?
False
Let p(a) = 5*a**3 + a**2 - 1. Let l be p(1). Let i(o) = -4*o + 4. Let c be i(-4). Suppose 5*m + l*r - c = 0, 10 = -0*m + m + 4*r. Is m even?
True
Suppose 10 = -5*w + 215. Is 4 a factor of w?
False
Suppose 0 = 5*x - 3*x - 4. Suppose x*o + o - 2*z = 64, -5*o = 3*z - 75. Is 9 a factor of o?
True
Suppose 5 - 7 = -u. Suppose -4*g - 4*j + 104 = 0, -94 = -5*g + u*j + 2*j. Is g a multiple of 11?
True
Let j = 1 + 3. Let o be 166/6 + j/(-6). Suppose 4*y = -2*a, -5*a = y - 9 - o. Is a a multiple of 8?
True
Suppose -5*k = 4 - 39. Suppose 0 = 3*v - 4*v + 4*a + 4, -3*v - 4*a = -12. Let j = k - v. Does 3 divide j?
True
Let f(p) = 10*p - 1. Suppose -4*v = -o + 19, 2*v = 3*v - o + 7. Let s be (2/3)/(v/(-6)). Is f(s) a multiple of 5?
False
Suppose -3*z + 8 = z. Suppose -z*m + 66 = m. Does 8 divide m?
False
Let m be 138/(-9)*6/(-4). Suppose 0 = 2*j - 3*j + m. Does 23 divide j?
True
Does 30 divide (((-2007)/6)/(-3))/(14/28)?
False
Let r be (-5)/10*0/1. Let m be 4 - -1 - r/2. Suppose 5*t - 57 = -2*u, 4 = 2*t + m*u - 2. Does 13 divide t?
True
Let j(s) = 5*s**2 + 3*s - 3. Let l(r) = -r**3 + 6*r**2 - 2*r + 9. Let b be l(6). Does 11 divide j(b)?
True
Let t(s) = s**2 - 9*s + 5. Let q be t(9). Suppose q*d + 120 = -0*d. Let x = d + 58. Is 17 a factor of x?
True
Let k be 3*(-1 + 2/(-3)). Let w = 4 - 6. Let u = w - k. Is u a multiple of 2?
False
Suppose 0*a + 51 = -3*a. Suppose -3*o - 2*o + 145 = 0. Let 